z and c?
6
Let k = -9 + 3. Let o(p) = -p**3 - p**2 + 5*p - 7. Let v be o(k). What is the highest common divisor of v and 13?
13
Suppose 2*t - 70 = -4*m + 198, 4*m + 500 = 4*t. Let y(c) = 18*c**2 + c - 1. Let x be y(-1). What is the highest common divisor of t and x?
16
Let a(s) = 5*s + 1. Let q be a(1). Suppose j - q = -2. Calculate the highest common divisor of j and 2.
2
Let u(w) = -7 - 1 - w + 9*w. Let v be u(8). Let d(o) = o**2 - o - 4. Let r be d(-3). What is the highest common divisor of v and r?
8
Let i be ((-10)/4)/((-1)/2). What is the highest common divisor of i and 20?
5
Suppose 2*v - 2*r = -0*v + 22, 5*v - 25 = -5*r. Suppose 0 - v = -d. Let w = -81 + 85. Calculate the greatest common factor of d and w.
4
Let v be (-62 - (-1 + -1))*2. Let g = 351 + v. Calculate the greatest common divisor of 21 and g.
21
Suppose -3*t - t + 48 = 0. What is the highest common factor of 48 and t?
12
Let k = 18 + -1. Let r(w) = -45*w + 1. Let u be r(-3). Calculate the greatest common factor of u and k.
17
Suppose -8 = -21*i + 19*i. Suppose 4*f - 24 = 3*f. Calculate the highest common divisor of f and i.
4
Let q(j) = j**3 + 3*j**2 - j + 3. Let t be q(-3). Calculate the highest common factor of t and 30.
6
Let m(u) = -3*u**2 - 3*u + 4. Let q be m(-3). Let d = 22 + q. Calculate the greatest common factor of 1 and d.
1
Let w(l) = -l**3 - l**2 + 4*l + 2. Let f be w(-3). Suppose 4*h + 6 = -3*c + 57, -2*h + 2*c + f = 0. Calculate the greatest common divisor of 99 and h.
9
Let x = 77 - 57. Let t = 6 + -2. What is the highest common factor of t and x?
4
Let m be ((-10)/(-15))/(2/12). Suppose -22 = 2*p - m*p - h, -2*h + 17 = p. What is the highest common divisor of p and 3?
3
Let d = -45 + 82. Suppose -c + 6*c = r - d, -c - 41 = -3*r. Calculate the highest common factor of 6 and r.
6
Let l be (-1 - (-3 + 1))*24. What is the greatest common divisor of 16 and l?
8
Suppose 0 = -56*h + 55*h + 165. Suppose -3*y - 15 = -4*y. What is the greatest common divisor of y and h?
15
Let q = 5 + 27. What is the highest common factor of q and 224?
32
Let i(k) = 53*k**2 + 3*k - 2. Let q be i(1). Suppose -4*w + 6 = -3*w. What is the highest common divisor of w and q?
6
Let u be 12/(-4)*(-4)/6. Suppose 1 - 3 = u*d. Let l(p) = 13*p**2 + 2*p + 1. Let h be l(d). What is the highest common factor of 132 and h?
12
Let o be -1*(-2)/(2 + 0). Let q be (-34)/((-4)/o + 2). Calculate the highest common factor of 119 and q.
17
Let d = -31 + 49. Calculate the highest common divisor of d and 9.
9
Let t(y) = -y. Let r(u) = 4*u - 4. Let b(s) = -r(s) + 4*t(s). Let k be b(-5). Calculate the highest common factor of k and 4.
4
Let v(i) = i**2 + i + 7. Let j be v(0). Calculate the greatest common divisor of j and 77.
7
Suppose -4*q = -5*f + 62, 2*f + 4*q - 38 = -q. Suppose 0 = 5*v - 3*v - 4. Let m be v/(-1*6/(-105)). Calculate the greatest common divisor of m and f.
7
Suppose 3 = -2*x + 2*b - 3, 5*b = 20. Let r = x - 3. Let s(t) = -6*t + 1. Let v be s(r). Calculate the highest common divisor of v and 39.
13
Suppose 4*s = -9 + 1. Let f be 2 + s + 2 + 1. Suppose 29 = f*u + 5*j, -3*u + 4*j = -39 - 35. Calculate the highest common divisor of u and 54.
18
Let s = 8 + -6. Suppose -2*k + 2 = -j, 3*j + 0*j = 4*k - s. Suppose j*f = 3*f - 136. What is the greatest common factor of f and 17?
17
Suppose o + 0*o - 36 = 0. Suppose -4*u + 6*u = o. Suppose -5*v - 216 = -3*p, -2*p - v + 144 = v. Calculate the greatest common divisor of u and p.
18
Let d = 15 - 11. Suppose -4*a = 4*n - 36 - 184, 0 = -n - d*a + 55. Calculate the highest common factor of 5 and n.
5
Suppose 20 = 5*n - 4*l, 8*n - l - 35 = 3*n. Let y be (-410)/(-2) - n/(-4). What is the highest common factor of y and 23?
23
Suppose 5*s + 0 - 10 = 0. Suppose 0 = -2*c - s*c + 4. Let r = -10 - -14. Calculate the highest common factor of r and c.
1
Let p be (-22)/5 + 2/5. Suppose -4*h - 10 = -6*h. Let r = h - p. What is the greatest common factor of r and 27?
9
Suppose 0 = 3*g + 1 + 8, 3*i = 5*g + 114. What is the greatest common divisor of i and 44?
11
Let a = 12 - 10. What is the highest common divisor of 6 and a?
2
Let u = -20 - -80. Let x = 20 + -14. What is the highest common divisor of u and x?
6
Let p be (-142 - 3)*(4 - 5). Calculate the greatest common factor of p and 58.
29
Let d(u) = -u**2 - 11*u - 14. Let f be d(-6). Calculate the greatest common divisor of f and 128.
16
Suppose -16 = 4*x, 0*x = -3*h - 3*x + 63. What is the greatest common divisor of h and 25?
25
Let x(h) = 17*h + 2. Let a be x(11). Calculate the greatest common factor of 27 and a.
27
Let m(k) = k**3 + 10*k**2 + 15*k - 1. Let s be m(-8). What is the greatest common divisor of 63 and s?
7
Suppose 5*h - m - 12 = -3*m, 3*h + 4 = -4*m. Suppose -4*n + 92 = h*s, 0 = -4*n - s + 2*s + 87. Calculate the highest common factor of 11 and n.
11
Suppose -2 = -0*p + 2*p. Let x be 3/((-6)/(-4))*p. Let r be (0 - 1)*(x + 1). What is the greatest common factor of r and 11?
1
Suppose 2*r - 4*h = -3*r + 391, 3*r + 5*h - 205 = 0. Calculate the highest common factor of 15 and r.
15
Let p be 4 - (33/(-22) + 7/2). Let c(v) = v**2 - 3*v - 6. Let h be c(5). What is the greatest common factor of p and h?
2
Let g(s) = 24*s - 20. Let l be g(5). Calculate the greatest common divisor of 40 and l.
20
Let q be (-3)/2*-10 + 0 + 0. What is the greatest common factor of q and 9?
3
Suppose 0 = -0*m + 2*m - 4. Suppose -5*x = -4*p - 1137, 3*p + m*p = x - 240. Let r(b) = 12*b + 1. Let s be r(2). What is the greatest common divisor of x and s?
25
Suppose -4*z - 43 = 3*h, -4*h + 25 = -3*z + 2*z. Let p = 43 + z. What is the highest common factor of p and 6?
6
Let i(z) = z**2 + 10. Let y be 4/2 + (-1 - 1). Let p be i(y). Calculate the highest common divisor of p and 5.
5
Let a(b) = -17*b - 3. Let x be a(-6). Calculate the highest common factor of 9 and x.
9
Let s(n) = 22*n**2 + 2*n + 1. Suppose 0 = -0*p + 3*p - 9, 0 = -5*o - p - 2. Let i be s(o). What is the greatest common divisor of 3 and i?
3
Suppose 5*u = 221 + 229. Calculate the greatest common factor of 10 and u.
10
Suppose -2*h - 2 = 0, 3*l - 5*h = 45 + 59. Calculate the highest common factor of l and 11.
11
Suppose -4*n = 8 + 16. Let k(h) = -2*h + 3. Let m be k(n). Let f = 14 + -9. What is the highest common factor of m and f?
5
Suppose 29 + 283 = 6*g. Suppose -15 = -5*m + 5. Let o be (2 - m)/((-4)/26). Calculate the highest common factor of g and o.
13
Let a = 34 - 32. Calculate the greatest common factor of 10 and a.
2
Let m(d) = -47*d + 5. Let s be m(-2). Suppose 5*v - 2*o - 38 = 2*o, 0 = -5*v - o + 28. Let p be (-7 + 1)/(v/(-9)). What is the highest common factor of s and p?
9
Suppose 0 = 4*w - 24. What is the highest common factor of w and 24?
6
Suppose -365 = -5*g + r, -5*g + 4*g - 5*r = -47. What is the greatest common factor of g and 8?
8
Suppose 5*s = f + 19, f + s = -2*s + 21. Suppose 4 = -z + f. Suppose -z*a + 4 = -0*a. What is the greatest common factor of 8 and a?
2
Suppose 3*k + 12 = 2*u, 0 = -u - 0*k - k + 16. Suppose -2*h - q + 1 = 0, 2*h - 1 - 10 = q. Calculate the highest common divisor of h and u.
3
Let y(k) = k**3 - 7*k**2 - 6*k - 12. Let n be y(8). Let p = 8 - 13. Let s be ((-88)/10)/(1/p). Calculate the highest common factor of s and n.
4
Suppose 0 = 7*p - 4*p - 15. Suppose p*w + 4 = -1. Let f be 1 + 19*(0 - w). Calculate the highest common divisor of f and 10.
10
Let j(z) = 5*z**2 - 3*z**2 + 0*z**2. Let w be j(1). What is the highest common divisor of w and 5?
1
Let k be (-5)/3*(-5 + 2). Suppose -2*s = -0*s. Suppose 5*l + 0*l - 79 = 2*u, s = l + u - 13. Calculate the highest common factor of l and k.
5
Let b be (-5 + 5)/((-3)/(-1)). Suppose b = 3*t - 13 - 95. Calculate the greatest common factor of 4 and t.
4
Let f = -7 - -16. Suppose -4*a + f*a = 50. Calculate the highest common factor of a and 30.
10
Let j(g) = g**3 + 9*g**2 + 4*g. Let c be j(-8). Calculate the highest common factor of 32 and c.
32
Suppose -h = 3*s + 48, 0 = -3*s + 4*h - 11 - 22. Let v be (-1)/(3/s - 0). What is the greatest common divisor of v and 5?
5
Suppose 3*p - 12 = -0*p. Suppose -30 - 2 = -p*f. Calculate the greatest common factor of 64 and f.
8
Suppose -26 = 4*j - 86. Calculate the greatest common factor of 15 and j.
15
Suppose 3*q + 0*q = 60. Let d(f) = f**2 + f + 